{"version":"1.0","provider_name":"Not\u00edcias do mercado imobili\u00e1rio","provider_url":"https:\/\/www.imovirtual.com\/noticias","author_name":"Imovirtual","author_url":"https:\/\/www.imovirtual.com\/noticias\/author\/imovirtual\/","title":"Dicas para gerir o trabalho em casa - Not\u00edcias do mercado imobili\u00e1rio","type":"rich","width":600,"height":338,"html":"<blockquote class=\"wp-embedded-content\" data-secret=\"sVfC2NJv9x\"><a href=\"https:\/\/www.imovirtual.com\/noticias\/lifestyle\/dicas-para-gerir-o-trabalho-em-casa\/\">Dicas para gerir o trabalho em casa<\/a><\/blockquote><iframe sandbox=\"allow-scripts\" security=\"restricted\" src=\"https:\/\/www.imovirtual.com\/noticias\/lifestyle\/dicas-para-gerir-o-trabalho-em-casa\/embed\/#?secret=sVfC2NJv9x\" width=\"600\" height=\"338\" title=\"&#8220;Dicas para gerir o trabalho em casa&#8221; &#8212; Not\u00edcias do mercado imobili\u00e1rio\" data-secret=\"sVfC2NJv9x\" frameborder=\"0\" marginwidth=\"0\" marginheight=\"0\" scrolling=\"no\" class=\"wp-embedded-content\"><\/iframe><script type=\"text\/javascript\">\n\/* <![CDATA[ *\/\n\/*! This file is auto-generated *\/\n!function(d,l){\"use strict\";l.querySelector&&d.addEventListener&&\"undefined\"!=typeof URL&&(d.wp=d.wp||{},d.wp.receiveEmbedMessage||(d.wp.receiveEmbedMessage=function(e){var t=e.data;if((t||t.secret||t.message||t.value)&&!\/[^a-zA-Z0-9]\/.test(t.secret)){for(var s,r,n,a=l.querySelectorAll('iframe[data-secret=\"'+t.secret+'\"]'),o=l.querySelectorAll('blockquote[data-secret=\"'+t.secret+'\"]'),c=new RegExp(\"^https?:$\",\"i\"),i=0;i<o.length;i++)o[i].style.display=\"none\";for(i=0;i<a.length;i++)s=a[i],e.source===s.contentWindow&&(s.removeAttribute(\"style\"),\"height\"===t.message?(1e3<(r=parseInt(t.value,10))?r=1e3:~~r<200&&(r=200),s.height=r):\"link\"===t.message&&(r=new URL(s.getAttribute(\"src\")),n=new URL(t.value),c.test(n.protocol))&&n.host===r.host&&l.activeElement===s&&(d.top.location.href=t.value))}},d.addEventListener(\"message\",d.wp.receiveEmbedMessage,!1),l.addEventListener(\"DOMContentLoaded\",function(){for(var e,t,s=l.querySelectorAll(\"iframe.wp-embedded-content\"),r=0;r<s.length;r++)(t=(e=s[r]).getAttribute(\"data-secret\"))||(t=Math.random().toString(36).substring(2,12),e.src+=\"#?secret=\"+t,e.setAttribute(\"data-secret\",t)),e.contentWindow.postMessage({message:\"ready\",secret:t},\"*\")},!1)))}(window,document);\n\/\/# sourceURL=https:\/\/www.imovirtual.com\/noticias\/wp-includes\/js\/wp-embed.min.js\n\/* ]]> *\/\n<\/script>\n","thumbnail_url":"https:\/\/www.imovirtual.com\/noticias\/wp-content\/uploads\/2021\/04\/a26c8659-91ef-4a77-a59c-026462c179cf_319a2227-95ff-47b8-b477-35b40beef9a7_iStock-1219750966.jpg","thumbnail_width":724,"thumbnail_height":483,"description":"Dicas para gerir o trabalho em casa H\u00e1 cerca de um ano, o teletrabalho entrou na casa dos portugueses e parece que ainda n\u00e3o est\u00e1 pronto para sair. Foi no passado m\u00eas de mar\u00e7o, que o Governo aprovou o diploma que estabelece a obrigatoriedade do regime de teletrabalho at\u00e9 31 de dezembro de 2021, \u201cindependentemente &hellip;"}

Notícias do mercado imobiliário

Dicas para gerir o trabalho em casa - Notícias do mercado imobiliário

<blockquote class="wp-embedded-content" data-secret="sVfC2NJv9x"><a href="https://www.imovirtual.com/noticias/lifestyle/dicas-para-gerir-o-trabalho-em-casa/">Dicas para gerir o trabalho em casa</a></blockquote><iframe sandbox="allow-scripts" security="restricted" src="https://www.imovirtual.com/noticias/lifestyle/dicas-para-gerir-o-trabalho-em-casa/embed/#?secret=sVfC2NJv9x" width="600" height="338" title="&#8220;Dicas para gerir o trabalho em casa&#8221; &#8212; Notícias do mercado imobiliário" data-secret="sVfC2NJv9x" frameborder="0" marginwidth="0" marginheight="0" scrolling="no" class="wp-embedded-content"></iframe><script type="text/javascript">
/* <![CDATA[ */
/*! This file is auto-generated */
!function(d,l){"use strict";l.querySelector&&d.addEventListener&&"undefined"!=typeof URL&&(d.wp=d.wp||{},d.wp.receiveEmbedMessage||(d.wp.receiveEmbedMessage=function(e){var t=e.data;if((t||t.secret||t.message||t.value)&&!/[^a-zA-Z0-9]/.test(t.secret)){for(var s,r,n,a=l.querySelectorAll('iframe[data-secret="'+t.secret+'"]'),o=l.querySelectorAll('blockquote[data-secret="'+t.secret+'"]'),c=new RegExp("^https?:$","i"),i=0;i<o.length;i++)o[i].style.display="none";for(i=0;i<a.length;i++)s=a[i],e.source===s.contentWindow&&(s.removeAttribute("style"),"height"===t.message?(1e3<(r=parseInt(t.value,10))?r=1e3:~~r<200&&(r=200),s.height=r):"link"===t.message&&(r=new URL(s.getAttribute("src")),n=new URL(t.value),c.test(n.protocol))&&n.host===r.host&&l.activeElement===s&&(d.top.location.href=t.value))}},d.addEventListener("message",d.wp.receiveEmbedMessage,!1),l.addEventListener("DOMContentLoaded",function(){for(var e,t,s=l.querySelectorAll("iframe.wp-embedded-content"),r=0;r<s.length;r++)(t=(e=s[r]).getAttribute("data-secret"))||(t=Math.random().toString(36).substring(2,12),e.src+="#?secret="+t,e.setAttribute("data-secret",t)),e.contentWindow.postMessage({message:"ready",secret:t},"*")},!1)))}(window,document);
//# sourceURL=https://www.imovirtual.com/noticias/wp-includes/js/wp-embed.min.js
/* ]]> */
</script>

Dicas para gerir o trabalho em casa Há cerca de um ano, o teletrabalho entrou na casa dos portugueses e parece que ainda não está pronto para sair. Foi no passado mês de março, que o Governo aprovou o diploma que estabelece a obrigatoriedade do regime de teletrabalho até 31 de dezembro de 2021, “independentemente &hellip;
