{"version":"1.0","provider_name":"Not\u00edcias do mercado imobili\u00e1rio","provider_url":"https:\/\/www.imovirtual.com\/noticias","author_name":"Imovirtual","author_url":"https:\/\/www.imovirtual.com\/noticias\/author\/imovirtual\/","title":"Casas de f\u00e9rias com piscina para arrendar - Not\u00edcias do mercado imobili\u00e1rio","type":"rich","width":600,"height":338,"html":"<blockquote class=\"wp-embedded-content\" data-secret=\"5sjmtIGPXl\"><a href=\"https:\/\/www.imovirtual.com\/noticias\/imobiliario\/casas-de-ferias-com-piscina-para-arrendar\/\">Casas de f\u00e9rias com piscina para arrendar<\/a><\/blockquote><iframe sandbox=\"allow-scripts\" security=\"restricted\" src=\"https:\/\/www.imovirtual.com\/noticias\/imobiliario\/casas-de-ferias-com-piscina-para-arrendar\/embed\/#?secret=5sjmtIGPXl\" width=\"600\" height=\"338\" title=\"&#8220;Casas de f\u00e9rias com piscina para arrendar&#8221; &#8212; Not\u00edcias do mercado imobili\u00e1rio\" data-secret=\"5sjmtIGPXl\" frameborder=\"0\" marginwidth=\"0\" marginheight=\"0\" scrolling=\"no\" class=\"wp-embedded-content\"><\/iframe><script type=\"text\/javascript\">\n\/* <![CDATA[ *\/\n\/*! This file is auto-generated *\/\n!function(d,l){\"use strict\";l.querySelector&&d.addEventListener&&\"undefined\"!=typeof URL&&(d.wp=d.wp||{},d.wp.receiveEmbedMessage||(d.wp.receiveEmbedMessage=function(e){var t=e.data;if((t||t.secret||t.message||t.value)&&!\/[^a-zA-Z0-9]\/.test(t.secret)){for(var s,r,n,a=l.querySelectorAll('iframe[data-secret=\"'+t.secret+'\"]'),o=l.querySelectorAll('blockquote[data-secret=\"'+t.secret+'\"]'),c=new RegExp(\"^https?:$\",\"i\"),i=0;i<o.length;i++)o[i].style.display=\"none\";for(i=0;i<a.length;i++)s=a[i],e.source===s.contentWindow&&(s.removeAttribute(\"style\"),\"height\"===t.message?(1e3<(r=parseInt(t.value,10))?r=1e3:~~r<200&&(r=200),s.height=r):\"link\"===t.message&&(r=new URL(s.getAttribute(\"src\")),n=new URL(t.value),c.test(n.protocol))&&n.host===r.host&&l.activeElement===s&&(d.top.location.href=t.value))}},d.addEventListener(\"message\",d.wp.receiveEmbedMessage,!1),l.addEventListener(\"DOMContentLoaded\",function(){for(var e,t,s=l.querySelectorAll(\"iframe.wp-embedded-content\"),r=0;r<s.length;r++)(t=(e=s[r]).getAttribute(\"data-secret\"))||(t=Math.random().toString(36).substring(2,12),e.src+=\"#?secret=\"+t,e.setAttribute(\"data-secret\",t)),e.contentWindow.postMessage({message:\"ready\",secret:t},\"*\")},!1)))}(window,document);\n\/\/# sourceURL=https:\/\/www.imovirtual.com\/noticias\/wp-includes\/js\/wp-embed.min.js\n\/* ]]> *\/\n<\/script>\n","thumbnail_url":"https:\/\/www.imovirtual.com\/noticias\/wp-content\/uploads\/2021\/05\/d8f25119-c8f1-4edc-b543-bb37c10e73aa_a4ec2a00-3904-4a05-b9d3-77838d78c757_iStock-639705826.jpg","thumbnail_width":724,"thumbnail_height":483,"description":"Casas de f\u00e9rias com piscina para arrendar Com o plano de desconfinamento a avan\u00e7ar, o tempo quente a chegar e o Ver\u00e3o mesmo a\u00ed \u00e0 porta \u00e9 a altura ideal para come\u00e7ar a planear as suas f\u00e9rias. De norte a sul do pa\u00eds, as op\u00e7\u00f5es s\u00e3o muitas, por isso para facilitar a sua busca o &hellip;"}

Notícias do mercado imobiliário

Casas de férias com piscina para arrendar - Notícias do mercado imobiliário

<blockquote class="wp-embedded-content" data-secret="5sjmtIGPXl"><a href="https://www.imovirtual.com/noticias/imobiliario/casas-de-ferias-com-piscina-para-arrendar/">Casas de férias com piscina para arrendar</a></blockquote><iframe sandbox="allow-scripts" security="restricted" src="https://www.imovirtual.com/noticias/imobiliario/casas-de-ferias-com-piscina-para-arrendar/embed/#?secret=5sjmtIGPXl" width="600" height="338" title="&#8220;Casas de férias com piscina para arrendar&#8221; &#8212; Notícias do mercado imobiliário" data-secret="5sjmtIGPXl" frameborder="0" marginwidth="0" marginheight="0" scrolling="no" class="wp-embedded-content"></iframe><script type="text/javascript">
/* <![CDATA[ */
/*! This file is auto-generated */
!function(d,l){"use strict";l.querySelector&&d.addEventListener&&"undefined"!=typeof URL&&(d.wp=d.wp||{},d.wp.receiveEmbedMessage||(d.wp.receiveEmbedMessage=function(e){var t=e.data;if((t||t.secret||t.message||t.value)&&!/[^a-zA-Z0-9]/.test(t.secret)){for(var s,r,n,a=l.querySelectorAll('iframe[data-secret="'+t.secret+'"]'),o=l.querySelectorAll('blockquote[data-secret="'+t.secret+'"]'),c=new RegExp("^https?:$","i"),i=0;i<o.length;i++)o[i].style.display="none";for(i=0;i<a.length;i++)s=a[i],e.source===s.contentWindow&&(s.removeAttribute("style"),"height"===t.message?(1e3<(r=parseInt(t.value,10))?r=1e3:~~r<200&&(r=200),s.height=r):"link"===t.message&&(r=new URL(s.getAttribute("src")),n=new URL(t.value),c.test(n.protocol))&&n.host===r.host&&l.activeElement===s&&(d.top.location.href=t.value))}},d.addEventListener("message",d.wp.receiveEmbedMessage,!1),l.addEventListener("DOMContentLoaded",function(){for(var e,t,s=l.querySelectorAll("iframe.wp-embedded-content"),r=0;r<s.length;r++)(t=(e=s[r]).getAttribute("data-secret"))||(t=Math.random().toString(36).substring(2,12),e.src+="#?secret="+t,e.setAttribute("data-secret",t)),e.contentWindow.postMessage({message:"ready",secret:t},"*")},!1)))}(window,document);
//# sourceURL=https://www.imovirtual.com/noticias/wp-includes/js/wp-embed.min.js
/* ]]> */
</script>

Casas de férias com piscina para arrendar Com o plano de desconfinamento a avançar, o tempo quente a chegar e o Verão mesmo aí à porta é a altura ideal para começar a planear as suas férias. De norte a sul do país, as opções são muitas, por isso para facilitar a sua busca o &hellip;
